{"id":525,"date":"2016-04-10T17:24:13","date_gmt":"2016-04-10T16:24:13","guid":{"rendered":"https:\/\/acb-athletisme.fr\/?page_id=525"},"modified":"2023-05-18T17:32:24","modified_gmt":"2023-05-18T16:32:24","slug":"les-statuts-du-club","status":"publish","type":"page","link":"https:\/\/acb-athletisme.fr\/?page_id=525","title":{"rendered":"R\u00e8glement Int\u00e9rieur"},"content":{"rendered":"<p><a href=\"https:\/\/acb-athletisme.fr\/wp-content\/uploads\/2017\/03\/acb.jpg\"><img loading=\"lazy\" decoding=\"async\" class=\"alignnone size-full wp-image-1138\" src=\"https:\/\/acb-athletisme.fr\/wp-content\/uploads\/2017\/03\/acb.jpg\" alt=\"\" width=\"119\" height=\"118\" \/><\/a>\u00a0 \u00a0T\u00e9l\u00e9chargez le <a href=\"https:\/\/acb-athletisme.fr\/wp-content\/uploads\/2023\/05\/Reglement-Interieur-ACB_officiel_2023.pdf\">R\u00e9glement Int\u00e9rieur ACB<\/a><\/p>\n<p><strong>R\u00e8glement Int\u00e9rieur de\u00a0<\/strong><strong>l&rsquo;Athl\u00e9tic Club de Beauchamp<\/strong><\/p>\n<p><strong>\u00a0 \u00a0 \u00a0 \u00a0 \u00a0 \u00a0 \u00a0<\/strong><strong style=\"font-size: revert;\">Sommaire\u00a0:<\/strong><\/p>\n<ol>\n<li><strong>Si\u00e8ge social<\/strong><\/li>\n<li><strong>Structure : rappel des statuts<\/strong><strong>\u00a0<\/strong><\/li>\n<li><strong>Activit\u00e9s<\/strong><strong>\u00a0<\/strong><\/li>\n<li><strong>Entraineurs<\/strong><strong>\u00a0<\/strong><\/li>\n<li><strong>Comportement<\/strong><strong>\u00a0<\/strong><\/li>\n<li><strong>Gouvernance et gestion du club<\/strong><strong>\u00a0<\/strong><\/li>\n<li><strong>Ressources du club<\/strong><strong>\u00a0<\/strong><\/li>\n<li><strong>Montant des cotisations<\/strong><strong>\u00a0<\/strong><\/li>\n<li><strong>Remboursement des frais<\/strong><strong>\u00a0<\/strong><\/li>\n<li><strong>Pr\u00e9rogatives du pr\u00e9sident<\/strong><strong>\u00a0<\/strong><\/li>\n<li><strong>Pr\u00e9paration et ordre du jour de l\u2019assembl\u00e9e g\u00e9n\u00e9rale<\/strong><strong>\u00a0<\/strong><\/li>\n<li><strong>Assurance<\/strong><strong>\u00a0<\/strong><\/li>\n<li><strong>Site internet<\/strong><strong>\u00a0<\/strong><\/li>\n<li><strong>Droit \u00e0 l\u2019image<\/strong><strong>\u00a0<\/strong><\/li>\n<li><strong>Usage des informations personnelles<\/strong><strong>\u00a0<\/strong><\/li>\n<li><strong>Mise \u00e0 disposition du\u00a0<\/strong><b>r\u00e8glement<\/b><\/li>\n<\/ol>\n<p><strong>Approbation et signatures<\/strong><\/p>\n<p><strong> <a href=\"https:\/\/acb-athletisme.fr\/wp-content\/uploads\/2023\/05\/ffa.jpg\"><img loading=\"lazy\" decoding=\"async\" class=\"alignnone size-full wp-image-4036\" src=\"https:\/\/acb-athletisme.fr\/wp-content\/uploads\/2023\/05\/ffa.jpg\" alt=\"\" width=\"113\" height=\"107\" \/><\/a><a href=\"https:\/\/acb-athletisme.fr\/wp-content\/uploads\/2023\/05\/ffco.jpg\"><img loading=\"lazy\" decoding=\"async\" class=\"wp-image-4037 alignright\" src=\"https:\/\/acb-athletisme.fr\/wp-content\/uploads\/2023\/05\/ffco.jpg\" alt=\"\" width=\"124\" height=\"99\" srcset=\"https:\/\/acb-athletisme.fr\/wp-content\/uploads\/2023\/05\/ffco.jpg 2336w, https:\/\/acb-athletisme.fr\/wp-content\/uploads\/2023\/05\/ffco-300x241.jpg 300w, https:\/\/acb-athletisme.fr\/wp-content\/uploads\/2023\/05\/ffco-1024x823.jpg 1024w, https:\/\/acb-athletisme.fr\/wp-content\/uploads\/2023\/05\/ffco-150x121.jpg 150w, https:\/\/acb-athletisme.fr\/wp-content\/uploads\/2023\/05\/ffco-1536x1234.jpg 1536w, https:\/\/acb-athletisme.fr\/wp-content\/uploads\/2023\/05\/ffco-2048x1646.jpg 2048w\" sizes=\"auto, (max-width: 124px) 100vw, 124px\" \/><\/a><\/strong><\/p>\n<p>Mise \u00e0 jour\u00a0: 06 juillet 2019<\/p>\n<p>L\u2019Athl\u00e9tic Club de Beauchamp est d\u2019abord r\u00e9gi par ses statuts d\u00e9pos\u00e9s en Pr\u00e9fecture du Val d\u2019Oise, statuts \u00e0 vocation durable (leur premi\u00e8re version est rest\u00e9e en vigueur plus de 45 ans). <strong>Conform\u00e9ment \u00e0 l\u2019Article 26 de ces Statuts, le pr\u00e9sent R\u00e8glement Int\u00e9rieur les compl\u00e8te par des dispositions pratiques plus d\u00e9taill\u00e9es et \u00e9voluant dans le temps<\/strong>, sans qu\u2019il y ait n\u00e9cessit\u00e9 de les d\u00e9clarer en Pr\u00e9fecture de la m\u00eame fa\u00e7on.<\/p>\n<p><strong>Ce R\u00e8glement Int\u00e9rieur est soumis \u00e0 l\u2019Assembl\u00e9e G\u00e9n\u00e9rale de l\u2019ACB.<\/strong> Il a la m\u00eame force obligatoire que les Statuts pour les membres de l\u2019ACB\u00a0: l\u2019adh\u00e9sion au Club vaut acceptation de ses statuts et de son R\u00e8glement Int\u00e9rieur.<\/p>\n<p><strong>1)\u00a0 SIEGE SOCIAL<\/strong><\/p>\n<p>Le si\u00e8ge social est fix\u00e9 en la ville de Beauchamp.<br \/>\nL\u2019adresse postale est\u00a0: 10 avenue de l\u2019Egalit\u00e9 95250 Beauchamp<\/p>\n<p><strong>2)\u00a0 STRUCTURE\u00a0: <\/strong><\/p>\n<p>L\u2019ACB est compos\u00e9 de deux sections principales : Athl\u00e9tisme et Course d&rsquo;orientation.<\/p>\n<p>La section Athl\u00e9tisme regroupe la Pr\u00e9paration Physique G\u00e9n\u00e9rale, l&rsquo;Athl\u00e9tisme adultes (sur stade, course sur route, trail pour tous publics) ainsi que la Marche Nordique. Elle est affili\u00e9e \u00e0 la F\u00e9d\u00e9ration Fran\u00e7aise d\u2019Athl\u00e9tisme (FFA).<\/p>\n<p>La section Course d\u2019Orientation est affili\u00e9e \u00e0 la F\u00e9d\u00e9ration Fran\u00e7aise de Course d&rsquo;Orientation (FFCO).<\/p>\n<p><strong>3)\u00a0 ACTIVITES<\/strong><\/p>\n<p>Les informations mentionn\u00e9es dans ce chapitre et dans les annexes correspondent aux <strong>conditions de la saison 2019-2020<\/strong>, en vigueur lors de la cr\u00e9ation du pr\u00e9sent r\u00e8glement. Les conditions effectives d&rsquo;une saison post\u00e9rieure sont adopt\u00e9es en Comit\u00e9 Directeur puis mises \u00e0 disposition des membres sur les deux sites Internet du club.<\/p>\n<p><strong>3.1<\/strong> <strong>Section Athl\u00e9tisme : Pr\u00e9paration Physique G\u00e9n\u00e9rale :<\/strong><\/p>\n<ul>\n<li>4 animateurs \u00e0 la Pr\u00e9paration Physique G\u00e9n\u00e9rale\u00a0: dipl\u00f4m\u00e9s et r\u00e9mun\u00e9r\u00e9s.<\/li>\n<\/ul>\n<p><strong>3.3<\/strong> <strong>Section Athl\u00e9tisme : Course \u00e0 Pieds adultes<\/strong><\/p>\n<ul>\n<li>1 entra\u00eeneur b\u00e9n\u00e9vole,<\/li>\n<\/ul>\n<p><strong>3.4<\/strong> <strong>Section Athl\u00e9tisme : Marche Nordique<\/strong><\/p>\n<ul>\n<li>1 entra\u00eeneur b\u00e9n\u00e9vole,<\/li>\n<\/ul>\n<p><strong>3.5 Section Course d\u2019Orientation<\/strong><\/p>\n<ul>\n<li>Entra\u00eeneurs b\u00e9n\u00e9voles<\/li>\n<li>Cartographie<\/li>\n<li>Entra\u00eenement et comp\u00e9titions<\/li>\n<\/ul>\n<p>Pour permettre et encourager la co-activit\u00e9 au sein du club, chaque section d\u00e9finit des modalit\u00e9s privil\u00e9gi\u00e9es de participation des membres \u00e0 une autre activit\u00e9 que celle objet de son inscription initiale. En particulier, il ne doit pas y avoir d\u2019obstacle \u00e0 des participations crois\u00e9es de membres entre Course \u00e0 Pieds adultes et marche Nordique, assujetties \u00e0 la m\u00eame licence FFA.<\/p>\n<p><strong>4)\u00a0 ENTRAINEURS<\/strong><\/p>\n<p>Les entra\u00eeneurs sont dipl\u00f4m\u00e9s, et la plupart b\u00e9n\u00e9voles, sauf dans l\u2019activit\u00e9 de PPG. Ils sont charg\u00e9s d\u2019entra\u00eener les membres actifs en se conformant aux objectifs sportifs du club, et dans les conditions de s\u00e9curit\u00e9 qui s\u2019imposent.<\/p>\n<p><strong>5)\u00a0 COMPORTEMENT<\/strong><\/p>\n<p>Les membres doivent pr\u00e9senter un comportement respectueux \u00e0 l&rsquo;\u00e9gard des autres membres du club, des entra\u00eeneurs et des dirigeants. Ils se conforment aux horaires des entra\u00eenements et se pr\u00e9sentent en tenue appropri\u00e9e aux entra\u00eenements et comp\u00e9titions. Les consignes donn\u00e9es par les entra\u00eeneurs doivent \u00eatre respect\u00e9es.<\/p>\n<p><strong>A l\u2019int\u00e9rieur des locaux sportifs ou techniques mis \u00e0 disposition par la municipalit\u00e9, le comportement de chacun doit \u00eatre responsable. Notamment, il est tol\u00e9r\u00e9 la tenue d\u2019arrosages ou pots de l\u2019amiti\u00e9 pour diverses raisons valables. Ces moments de convivialit\u00e9 doivent \u00eatre signal\u00e9s par les organisateurs qui doivent veiller au comportement correct des participants, notamment la consommation d\u2019alcool qui doit \u00eatre sous contr\u00f4le.<\/strong><\/p>\n<p>Tout membre ayant contrevenu aux Statuts ou au R\u00e8glement Int\u00e9rieur du Club ou s\u2019\u00e9tant rendu coupable d\u2019une faute contre l\u2019honneur, la probit\u00e9 ou les bonnes m\u0153urs pourra \u00eatre sanctionn\u00e9 par le Comit\u00e9 Directeur \u00e0 l\u2019issue d\u2019une proc\u00e9dure men\u00e9e dans le respect des droits de la d\u00e9fense.<\/p>\n<p><strong>6)\u00a0 GOUVERNANCE ET GESTION DU CLUB<\/strong><\/p>\n<p>Le comit\u00e9 directeur est \u00e9lu lors de l\u2019assembl\u00e9e g\u00e9n\u00e9rale annuelle pour une dur\u00e9e de 4 ans. Ce comit\u00e9 se r\u00e9unit ensuite pour \u00e9lire le bureau. La strat\u00e9gie g\u00e9n\u00e9rale du Club est \u00e9tablie par le Comit\u00e9 Directeur qui se r\u00e9unit au moins deux fois par an.<\/p>\n<p>La gestion courante des activit\u00e9s du Club est assur\u00e9e par le Bureau, sous le contr\u00f4le du Comit\u00e9 Directeur. Le Bureau, compos\u00e9 du Pr\u00e9sident, du Vice-pr\u00e9sident, du Tr\u00e9sorier et du Secr\u00e9taire, se r\u00e9unit au moins une fois par trimestre.<\/p>\n<p>Il est d\u00e9l\u00e9gu\u00e9 \u00e0 la section course d\u2019orientation la tr\u00e9sorerie courante de son activit\u00e9, \u00e0 condition de disposer d\u2019une comptabilit\u00e9 analytique compl\u00e8te et d\u2019un bilan annuel contr\u00f4l\u00e9s par le Tr\u00e9sorier du club.<\/p>\n<p><strong>Dispositions particuli\u00e8res concernant les r\u00e9unions du comit\u00e9\u00a0: <\/strong><\/p>\n<p><strong>Compte tenu des distances g\u00e9ographiques s\u00e9parant les divers membres du comit\u00e9, et leurs vies professionnelles ou priv\u00e9es, il est apparu plus pratique pour tous, de proc\u00e9der quand aucune date n\u2019est trouv\u00e9e pour se r\u00e9unir \u00e0 des r\u00e9unions par \u00e9changes via internet, (\u00a0 messageries ) et cela avec l\u2019accord de tous. Cette disposition se r\u00e9v\u00e8le indispensable pour la bonne gestion du club.<\/strong><\/p>\n<p><strong>7)\u00a0 RESSOURCES DU CLUB<\/strong><\/p>\n<p>Les ressources du Club se composent :<\/p>\n<ul>\n<li>des cotisations de ses Membres, qui varient suivant les sections ; elles comprennent le co\u00fbt de la licence annuelle \u00e0 la FFA ou \u00e0 la FFCO, et prennent en compte la r\u00e9mun\u00e9ration de l\u2019animateur pour certaines activit\u00e9s.<\/li>\n<li>des recettes de toute nature provenant des manifestations qu&rsquo;il organise et notamment des droits d&rsquo;engagement ;<\/li>\n<li>des subventions de toute nature ;<\/li>\n<li>des recettes provenant de biens de valeur de toute nature appartenant \u00e0 l\u2019association.<\/li>\n<li>du produit des r\u00e9tributions per\u00e7ues pour services rendus\u00a0;<\/li>\n<li>des donations et legs\u00a0;<\/li>\n<li>de toutes ressources autoris\u00e9es par la loi<\/li>\n<li>des produits de partenariats priv\u00e9s.<\/li>\n<\/ul>\n<p><strong>8)\u00a0 MONTANT DES COTISATIONS<\/strong><\/p>\n<p>Le montant de la cotisation est calcul\u00e9 pour chaque section et chaque activit\u00e9 en tenant compte\u00a0:<\/p>\n<ul>\n<li>du co\u00fbt de la licence FFA ou FFCO,<\/li>\n<li>du co\u00fbt des salaires vers\u00e9s le cas \u00e9ch\u00e9ant \u00e0 l\u2019entra\u00eeneur,<\/li>\n<li>des co\u00fbts de fonctionnement de la section,<\/li>\n<li>du lieu de r\u00e9sidence de l\u2019adh\u00e9rent, les adh\u00e9rents Beauchampois b\u00e9n\u00e9ficiant logiquement d\u2019une cotisation l\u00e9g\u00e8rement r\u00e9duite.<\/li>\n<\/ul>\n<p>Le montant des cotisations pour chaque saison est d\u00e9cid\u00e9\u00a0 en Comit\u00e9 Directeur dans les deux mois pr\u00e9c\u00e9dant le d\u00e9but de saison, ou lors de l\u2019assembl\u00e9e g\u00e9n\u00e9rale.<\/p>\n<p><strong>9)\u00a0 REMBOURSEMENT DES FRAIS<\/strong><\/p>\n<p>Les frais engag\u00e9s par les entraineurs ou membres du Club, pour des activit\u00e9s ou d\u00e9placements convenus \u00e0 l\u2019avance avec le Bureau sont rembours\u00e9s sur pr\u00e9sentation d\u2019une Note de Frais, \u00e9tablie sur l\u2019imprim\u00e9 pr\u00e9vu \u00e0 cet effet, accompagn\u00e9e de tous les justificatifs correspondants (factures, tickets de caisse comportant la nature des achats effectu\u00e9s\u2026) \u00e9tant rappel\u00e9 qu\u2019un re\u00e7u de carte de cr\u00e9dit ne constitue pas un tel justificatif.<\/p>\n<p>Les kilom\u00e8tres effectu\u00e9s avec un v\u00e9hicule personnel pour les besoins du Club sont \u00e9galement port\u00e9s sur la Note de Frais (avec indication du d\u00e9placement r\u00e9alis\u00e9 et de son motif) et sont rembours\u00e9s sur la base du bar\u00eame fiscal en vigueur.<\/p>\n<p>Le nombre de kilom\u00e8tres mentionn\u00e9 devra \u00eatre tr\u00e8s proche du kilom\u00e9trage d\u00e9fini sur un site internet du type Via Michelin ou Mappy.<\/p>\n<p><strong>10) PREROGATIVES DU PRESIDENT<\/strong><\/p>\n<p>Le pr\u00e9sident du Club r\u00e9partit entre les sections les subventions affect\u00e9es au club suivant des r\u00e8gles soumises au Comit\u00e9 Directeur, prenant en compte comme crit\u00e8res d\u2019activit\u00e9 a minima l\u2018effectif et le nombre de sessions et comp\u00e9titions. Le pr\u00e9sident convoque l\u2019Assembl\u00e9e G\u00e9n\u00e9rale des membres et le bureau. Il est l\u2019ordonnateur des d\u00e9penses.<\/p>\n<p>C\u2019est lui qui supervise la conduite des activit\u00e9s de l\u2019association. Il est le coordonnateur de l\u2019association, celui qui anime les r\u00e9unions, signe les invitations et les convocations. Il pourra se faire aider par le vice-pr\u00e9sident.<\/p>\n<p><strong>11)\u00a0 PREPARATION ET ORDRE DU JOUR DE L\u2019 ASSEMBLEE GENERALE.<\/strong><\/p>\n<p>Le bureau, sous le contr\u00f4le du Comit\u00e9 Directeur, pr\u00e9pare son bilan et ses propositions au moins trois semaines avant la date de l\u2019Assembl\u00e9e G\u00e9n\u00e9rale. La convocation \u00e0 l\u2019Assembl\u00e9e G\u00e9n\u00e9rale, avec son ordre du jour, doit \u00eatre envoy\u00e9e aux Membres, par tout moyen, au moins deux semaines avant la date pr\u00e9vue.<\/p>\n<p>L\u2019ordre du jour, arr\u00eat\u00e9 par le Comit\u00e9 Directeur pr\u00e9voit, au minimum :<\/p>\n<ul>\n<li>la pr\u00e9sentation des rapports sur la gestion sportive et administrative du Comit\u00e9 Directeur, sur la situation morale et financi\u00e8re du Club, distinguant les activit\u00e9s des deux sections\u00a0;<\/li>\n<li>l\u2019approbation des comptes de l\u2019exercice clos (bilan et compte de r\u00e9sultat)\u00a0;<\/li>\n<li>la pr\u00e9sentation et l\u2019approbation du budget pr\u00e9visionnel de l&rsquo;exercice suivant;<\/li>\n<li>l&rsquo;\u00e9lection des membres du Comit\u00e9 Directeur et du Pr\u00e9sident tous les 4 ans, voire, annuellement pour des postes vacants.<\/li>\n<\/ul>\n<p><strong>12)\u00a0 ASSURANCE<\/strong><\/p>\n<p>Une assurance responsabilit\u00e9 civile, protection juridique et accidents corporels couvre les membres actifs r\u00e9pertori\u00e9s du club dans le cadre des activit\u00e9s physiques pratiqu\u00e9es. Les d\u00e9placements ne sont pas couverts par l\u2019assurance du club. Il est de la responsabilit\u00e9 du conducteur de v\u00e9rifier s\u2019il est couvert par sa propre assurance pour transporter des tiers dans son v\u00e9hicule. Les parents d\u00e9chargent les dirigeants, entra\u00eeneurs ou autres parents transportant leur enfant \u00e0 titre gracieux de toutes responsabilit\u00e9s en cas d\u2019accident lors d\u2019un d\u00e9placement. Aucune assurance ne couvre le club contre le vol.<\/p>\n<p><strong>13)\u00a0 SITES INTERNET<\/strong><\/p>\n<p>Chaque section entretient un site Internet facilitant la mise \u00e0 disposition envers les membres des principales informations sur les activit\u00e9s du club. Ces sites sont \u00e9galement accessibles au public externe au club.<\/p>\n<blockquote class=\"wp-embedded-content\" data-secret=\"1Kt3iL5oY5\"><p><a href=\"https:\/\/acb-athletisme.fr\/\">ECOLE ATHLE : SAISON 2025-2026<\/a><\/p><\/blockquote>\n<p><iframe loading=\"lazy\" class=\"wp-embedded-content\" sandbox=\"allow-scripts\" security=\"restricted\" style=\"position: absolute; visibility: hidden;\" title=\"\u00ab\u00a0ECOLE ATHLE : SAISON 2025-2026\u00a0\u00bb &#8212; LE CLUB OU L&#039;IMPOSSIBLE N&#039;EST QU&#039;UN OBJECTIF PLUS HAUT QUE LES AUTRES\" src=\"https:\/\/acb-athletisme.fr\/?embed=true#?secret=6SyrpYJ5qJ#?secret=1Kt3iL5oY5\" data-secret=\"1Kt3iL5oY5\" width=\"474\" height=\"267\" frameborder=\"0\" marginwidth=\"0\" marginheight=\"0\" scrolling=\"no\"><\/iframe><\/p>\n<p>http:\/\/www.acbeauchamp-orientation.net\/<\/p>\n<p><strong>14)\u00a0 DROIT A L IMAGE<\/strong><\/p>\n<p>Les membres autorisent express\u00e9ment le Club \u00e0 utiliser les images (photos ou vid\u00e9o) saisies lors des activit\u00e9s du club (entra\u00eenements ou comp\u00e9titions).<\/p>\n<p><strong>15)\u00a0 USAGE DES INFORMATIONS PERSONNELLES<\/strong><\/p>\n<p>Les informations personnelles recueillies pour les besoins de fonctionnement du club sont confidentielles, ne sont communiqu\u00e9es qu\u2019\u00e0 cette fin.<\/p>\n<p><strong>16)\u00a0 MISE A DISPOSITION DU REGLEMENT<\/strong><\/p>\n<p>Le pr\u00e9sent r\u00e8glement est communiqu\u00e9 \u00e0 chaque membre lors de son inscription et est disponible aux membres sur les sites Internet du club.<\/p>\n<p><strong>R\u00e9glement approuv\u00e9 en Assembl\u00e9e G\u00e9n\u00e9rale \u00e0 Beauchamp le 10 f\u00e9vrier 2018.<\/strong><\/p>\n<p><strong>\u00a0<\/strong><\/p>\n<p><strong>Pr\u00e9sident \u00a0\u00a0\u00a0\u00a0\u00a0\u00a0\u00a0\u00a0\u00a0\u00a0\u00a0\u00a0\u00a0\u00a0\u00a0\u00a0\u00a0\u00a0\u00a0\u00a0\u00a0\u00a0\u00a0\u00a0\u00a0\u00a0\u00a0\u00a0\u00a0\u00a0\u00a0\u00a0\u00a0\u00a0\u00a0\u00a0\u00a0\u00a0\u00a0\u00a0\u00a0\u00a0\u00a0\u00a0\u00a0\u00a0\u00a0\u00a0\u00a0\u00a0\u00a0\u00a0\u00a0\u00a0\u00a0\u00a0\u00a0\u00a0\u00a0\u00a0\u00a0\u00a0\u00a0\u00a0\u00a0\u00a0\u00a0\u00a0\u00a0\u00a0\u00a0\u00a0\u00a0\u00a0\u00a0\u00a0\u00a0 \u00a0\u00a0\u00a0\u00a0\u00a0\u00a0\u00a0\u00a0\u00a0\u00a0\u00a0 Secr\u00e9taire<\/strong><\/p>\n<p><strong>\u00a0\u00a0\u00a0\u00a0\u00a0\u00a0\u00a0 <a href=\"https:\/\/acb-athletisme.fr\/wp-content\/uploads\/2023\/05\/signature-president-SGA.png\"><img loading=\"lazy\" decoding=\"async\" class=\"alignnone size-full wp-image-4038\" src=\"https:\/\/acb-athletisme.fr\/wp-content\/uploads\/2023\/05\/signature-president-SGA.png\" alt=\"\" width=\"271\" height=\"181\" srcset=\"https:\/\/acb-athletisme.fr\/wp-content\/uploads\/2023\/05\/signature-president-SGA.png 271w, https:\/\/acb-athletisme.fr\/wp-content\/uploads\/2023\/05\/signature-president-SGA-150x100.png 150w\" sizes=\"auto, (max-width: 271px) 100vw, 271px\" \/><\/a>\u00a0\u00a0\u00a0\u00a0\u00a0\u00a0\u00a0\u00a0\u00a0\u00a0\u00a0\u00a0\u00a0\u00a0\u00a0\u00a0\u00a0\u00a0\u00a0\u00a0\u00a0\u00a0\u00a0\u00a0\u00a0\u00a0\u00a0\u00a0\u00a0\u00a0\u00a0\u00a0\u00a0\u00a0\u00a0\u00a0\u00a0\u00a0\u00a0\u00a0\u00a0\u00a0\u00a0\u00a0\u00a0\u00a0\u00a0\u00a0\u00a0\u00a0\u00a0\u00a0\u00a0\u00a0\u00a0\u00a0\u00a0\u00a0\u00a0\u00a0\u00a0\u00a0\u00a0\u00a0\u00a0\u00a0\u00a0\u00a0\u00a0\u00a0\u00a0\u00a0\u00a0\u00a0 <\/strong><\/p>\n<p style=\"text-align: left;\"><strong>\u00a0 \u00a0 \u00a0 \u00a0 \u00a0\u00a0<\/strong><\/p>\n<p><strong>\u00a0 \u00a0 \u00a0 \u00a0\u00a0<\/strong><\/p>\n","protected":false},"excerpt":{"rendered":"<p>\u00a0 \u00a0T\u00e9l\u00e9chargez le R\u00e9glement Int\u00e9rieur ACB R\u00e8glement Int\u00e9rieur de\u00a0l&rsquo;Athl\u00e9tic Club de Beauchamp \u00a0 \u00a0 \u00a0 \u00a0 \u00a0 \u00a0 \u00a0Sommaire\u00a0: Si\u00e8ge social Structure : rappel des statuts\u00a0 Activit\u00e9s\u00a0 Entraineurs\u00a0 Comportement\u00a0 Gouvernance et gestion du club\u00a0 Ressources du club\u00a0 Montant des cotisations\u00a0 Remboursement des frais\u00a0 Pr\u00e9rogatives du pr\u00e9sident\u00a0 Pr\u00e9paration et ordre du jour de l\u2019assembl\u00e9e g\u00e9n\u00e9rale\u00a0 Assurance\u00a0 &hellip; <a href=\"https:\/\/acb-athletisme.fr\/?page_id=525\" class=\"more-link\">Continuer la lecture de <span class=\"screen-reader-text\">R\u00e8glement Int\u00e9rieur<\/span>  <span class=\"meta-nav\">&rarr;<\/span><\/a><\/p>\n","protected":false},"author":1,"featured_media":0,"parent":113,"menu_order":0,"comment_status":"closed","ping_status":"closed","template":"","meta":{"footnotes":""},"class_list":["post-525","page","type-page","status-publish","hentry"],"_links":{"self":[{"href":"https:\/\/acb-athletisme.fr\/index.php?rest_route=\/wp\/v2\/pages\/525","targetHints":{"allow":["GET"]}}],"collection":[{"href":"https:\/\/acb-athletisme.fr\/index.php?rest_route=\/wp\/v2\/pages"}],"about":[{"href":"https:\/\/acb-athletisme.fr\/index.php?rest_route=\/wp\/v2\/types\/page"}],"author":[{"embeddable":true,"href":"https:\/\/acb-athletisme.fr\/index.php?rest_route=\/wp\/v2\/users\/1"}],"replies":[{"embeddable":true,"href":"https:\/\/acb-athletisme.fr\/index.php?rest_route=%2Fwp%2Fv2%2Fcomments&post=525"}],"version-history":[{"count":9,"href":"https:\/\/acb-athletisme.fr\/index.php?rest_route=\/wp\/v2\/pages\/525\/revisions"}],"predecessor-version":[{"id":4042,"href":"https:\/\/acb-athletisme.fr\/index.php?rest_route=\/wp\/v2\/pages\/525\/revisions\/4042"}],"up":[{"embeddable":true,"href":"https:\/\/acb-athletisme.fr\/index.php?rest_route=\/wp\/v2\/pages\/113"}],"wp:attachment":[{"href":"https:\/\/acb-athletisme.fr\/index.php?rest_route=%2Fwp%2Fv2%2Fmedia&parent=525"}],"curies":[{"name":"wp","href":"https:\/\/api.w.org\/{rel}","templated":true}]}}