{"id":42,"date":"2015-11-15T19:12:11","date_gmt":"2015-11-15T18:12:11","guid":{"rendered":"https:\/\/acb-athletisme.fr\/?page_id=42"},"modified":"2025-08-22T13:48:33","modified_gmt":"2025-08-22T12:48:33","slug":"presentation-du-club","status":"publish","type":"page","link":"https:\/\/acb-athletisme.fr\/?page_id=42","title":{"rendered":"Pr\u00e9sentation du Club"},"content":{"rendered":"<p style=\"text-align: center;\" align=\"center\"><strong><span style=\"text-decoration: underline;\"><a href=\"https:\/\/acb-athletisme.fr\/wp-content\/uploads\/2017\/03\/acb.jpg\"><img loading=\"lazy\" decoding=\"async\" class=\"size-full wp-image-1138 alignleft\" src=\"https:\/\/acb-athletisme.fr\/wp-content\/uploads\/2017\/03\/acb.jpg\" alt=\"\" width=\"119\" height=\"118\" \/><\/a><\/span><\/strong>L&rsquo; <span style=\"color: #0000ff;\"><strong>A<\/strong><\/span>thletic <span style=\"color: #0000ff;\"><strong>C<\/strong><\/span>lub de <span style=\"color: #0000ff;\"><strong>B<\/strong><\/span>eauchamp est un club compos\u00e9 de 4 sections que sont : <strong>l&rsquo;Athl\u00e9tisme adultes<\/strong>, la <strong>Marche Nordique<\/strong>, la <strong>PPG<\/strong> (Pr\u00e9paration Physique G\u00e9n\u00e9rale) et la <strong>Course d&rsquo;Orientation<\/strong>.<\/p>\n<p align=\"center\">\u00a0<\/p>\n<h2 align=\"center\"><strong>ATHLETISME ADULTES<\/strong><\/h2>\n<p style=\"text-align: left;\" align=\"center\"><img loading=\"lazy\" decoding=\"async\" class=\" wp-image-73 alignleft\" style=\"font-size: revert; text-align: center;\" src=\"https:\/\/acb-athletisme.fr\/wp-content\/uploads\/2015\/11\/images3.jpg\" alt=\"images3\" width=\"172\" height=\"172\" srcset=\"https:\/\/acb-athletisme.fr\/wp-content\/uploads\/2015\/11\/images3.jpg 224w, https:\/\/acb-athletisme.fr\/wp-content\/uploads\/2015\/11\/images3-150x150.jpg 150w\" sizes=\"auto, (max-width: 172px) 100vw, 172px\" \/><\/p>\n<div class=\"WordSection1\" style=\"text-align: center;\">\n<p style=\"text-align: justify;\"><strong>La section adultes<\/strong> accueille des coureurs de tous niveaux, du d\u00e9butant qui souhaite d\u00e9couvrir la course \u00e0 pied ou se maintenir en bonne condition physique au sportif aguerri qui souhaite s&rsquo;aligner sur diff\u00e9rentes\u00a0comp\u00e9titions.<\/p>\n<\/div>\n<p style=\"text-align: justify;\">Fixez vous m\u00eames vos objectifs et obtenez un plan d&rsquo;entrainement concoct\u00e9s par un coach. De 1 \u00e0 4 entra\u00eenements par semaine, sur piste ou en for\u00eat, du fractionn\u00e9 ou des sorties longues, tout le monde y trouve son compte.<\/p>\n<p style=\"text-align: center;\"><strong>Section Adultes : entrainement au Stade de Beauchamp les Mardis et Jeudis de 19h00 \u00e0 20h30. En for\u00eat les Samedis et Dimanche (horaires pr\u00e9cis\u00e9s avant chaque s\u00e9ance).<\/strong><\/p>\n<div class=\"WordSection1\" style=\"text-align: center;\">\u00a0<\/div>\n<div class=\"WordSection1\" style=\"text-align: center;\">\n<div class=\"WordSection1\" style=\"text-align: center;\">\u00a0<\/div>\n<\/div>\n<div class=\"WordSection1\" style=\"text-align: center;\">\n<h2 style=\"text-align: left;\"><strong>MARCHE NORDIQUE<\/strong><\/h2>\n<p><a href=\"https:\/\/acb-athletisme.fr\/wp-content\/uploads\/2015\/11\/image005.png\"><img loading=\"lazy\" decoding=\"async\" class=\"wp-image-89 alignleft\" src=\"https:\/\/acb-athletisme.fr\/wp-content\/uploads\/2015\/11\/image005.png\" alt=\"image005\" width=\"256\" height=\"157\" srcset=\"https:\/\/acb-athletisme.fr\/wp-content\/uploads\/2015\/11\/image005.png 293w, https:\/\/acb-athletisme.fr\/wp-content\/uploads\/2015\/11\/image005-150x92.png 150w\" sizes=\"auto, (max-width: 256px) 100vw, 256px\" \/><\/a><\/p>\n<\/div>\n<div class=\"WordSection1\" style=\"text-align: center;\">\u00a0<\/div>\n<p style=\"text-align: justify;\">Un entrainement technique se d\u00e9roule au stade de Beauchamp. Accessible \u00e0 tous, du d\u00e9butant au comp\u00e9titeur. des groupes de niveaux permettent \u00e0 chacun de pratiquer cette activit\u00e9 selon ses envies encadr\u00e9 par un en entraineur dipl\u00f4m\u00e9.<\/p>\n<p style=\"text-align: center;\"><strong>Marche Nordique : entrainement au Stade de Beauchamp les Mardis de 19h00 \u00e0 20h30 et en for\u00eat les Samedis \u00e0 9h00.<\/strong><\/p>\n<p>\u00a0<\/p>\n<h2 style=\"text-align: right;\">ECOLE ATHLE<\/h2>\n<p style=\"text-align: center;\"><span style=\"color: #000000;\">Des ateliers ludiques<\/span><span style=\"color: #000000;\">\u00a0\u00e0 la<\/span>\u00a0<span style=\"color: #000000;\">d\u00e9couvertes des diff\u00e9rentes disciplines de<\/span><span style=\"color: #000000;\"> l&rsquo;athletisme. d\u00e8s<\/span><span style=\"color: #000000;\">6 ans.<\/span><a href=\"https:\/\/acb-athletisme.fr\/wp-content\/uploads\/2015\/11\/image003.png\"><img loading=\"lazy\" decoding=\"async\" class=\"wp-image-88 aligncenter\" src=\"https:\/\/acb-athletisme.fr\/wp-content\/uploads\/2015\/11\/image003.png\" alt=\"\" width=\"239\" height=\"104\" srcset=\"https:\/\/acb-athletisme.fr\/wp-content\/uploads\/2015\/11\/image003.png 315w, https:\/\/acb-athletisme.fr\/wp-content\/uploads\/2015\/11\/image003-150x65.png 150w, https:\/\/acb-athletisme.fr\/wp-content\/uploads\/2015\/11\/image003-300x130.png 300w\" sizes=\"auto, (max-width: 239px) 100vw, 239px\" \/><\/a><strong>Ecole Athl\u00e9<\/strong> : <strong>entrainement au Stade de Beauchamp les Mardis de 18h \u00e0 19h et les Mercredis de 17h30 \u00e0 18h30<\/strong><\/p>\n<p>\u00a0<\/p>\n<p style=\"text-align: center;\"><strong>Le stade Municipal de Beauchamp\u00a0<\/strong><\/p>\n<p style=\"text-align: center;\">            <script type=\"text\/javascript\">\r\n                jQuery(document).ready(function ($) {\r\n                    var wgm_map = new google.maps.Map(document.getElementById(\"srm_gmp_embed_1\"), {\r\n                        center: new google.maps.LatLng(49.0178824,2.1849607000000333),\r\n                        zoom: 13,\r\n                        mapTypeId: google.maps.MapTypeId.ROADMAP,\r\n                        scrollwheel: true,\r\n                        zoomControl: true,\r\n                        mapTypeControl: true,\r\n                        streetViewControl: true,\r\n                        fullscreenControl: true,\r\n                        draggable: true,\r\n                        disableDoubleClickZoom: false,\r\n                        panControl: true                    });\r\n                    var wgm_theme_json = '';\r\n                    if (wgm_theme_json.length > 0) {\r\n                        wgm_map.setOptions({ styles: JSON.parse(wgm_theme_json) });\r\n                    }\r\n                    \/\/ To view directions form and data\r\n                                        var wgm_data_1 = {\r\n                        'action': 'wpgmapembed_p_get_markers_by_map_id',\r\n                        'data': {\r\n                            map_id: '1773',\r\n                            ajax_nonce: '211d3b0d73'\r\n                        }\r\n                    };\r\n                    var wgm_ajaxurl_1 = 'https:\/\/acb-athletisme.fr\/wp-admin\/admin-ajax.php'\r\n                    jQuery.post(wgm_ajaxurl_1, wgm_data_1, function (response) {\r\n                        response = JSON.parse(response);\r\n                        if (response.markers.length === 1) {\r\n                            var wgm_marker_to_1 = response.markers[0].marker_desc;\/\/.replace(\/&gt;\/g, '>').replace(\/&lt;\/g, '<');\r\n                            jQuery('#srm_gmap_to_1').val(wgm_marker_to_1.replace(\/(<([^>]+)>)\/gi, \"\"));\r\n                        }\r\n                        var wgm_default_marker_icon_1 = 'https:\/\/maps.gstatic.com\/mapfiles\/api-3\/images\/spotlight-poi2.png';\r\n                        if (response.markers.length > 0) {\r\n                            var custom_markers = [];\r\n                            var custom_marker_infowindows = [];\r\n                            response.markers.forEach(function (wgm_marker, i) {\r\n                                var wgm_marker_lat_lng_1 = wgm_marker.lat_lng.split(',');\r\n                                wgm_custom_marker_1 = new google.maps.Marker({\r\n                                    position: new google.maps.LatLng(wgm_marker_lat_lng_1[0], wgm_marker_lat_lng_1[1]),\r\n                                    title: wgm_marker.marker_name,\r\n                                    animation: google.maps.Animation.DROP,\r\n                                    icon: (wgm_marker.icon === '') ? wgm_default_marker_icon_1 : wgm_marker.icon\r\n                                });\r\n                                custom_markers[i] = wgm_custom_marker_1;\r\n                                wgm_custom_marker_1.setMap(wgm_map);\r\n                                var wgm_marker_name_1 = (wgm_marker.marker_name !== null) ? ('<span class=\"info_content_title\" style=\"font-size:18px;font-weight: bold;font-family: Arial;\">'\r\n                                    + wgm_marker.marker_name +\r\n                                    '<\/span><br\/>') : '';\r\n                                \/\/wgm_marker.marker_desc = wgm_marker.marker_desc.replace(\/&gt;\/g, '>').replace(\/&lt;\/g, '<');\r\n                                custom_marker_infowindow = new google.maps.InfoWindow({\r\n                                    content: wgm_marker_name_1 + wgm_marker.marker_desc\r\n                                });\r\n                                custom_marker_infowindows[i] = custom_marker_infowindow;\r\n                                if (wgm_marker.show_desc_by_default === '1') {\r\n                                    custom_marker_infowindow.open({\r\n                                        anchor: wgm_custom_marker_1,\r\n                                        shouldFocus: false\r\n                                    });\r\n                                } else {\r\n                                    google.maps.event.addListener(wgm_custom_marker_1, 'click', function () {\r\n                                        custom_marker_infowindows[i].open({\r\n                                            anchor: custom_markers[i],\r\n                                            shouldFocus: false\r\n                                        });\r\n                                    });\r\n                                }\r\n                                if (wgm_marker.have_marker_link === '1') {\r\n                                    google.maps.event.addListener(wgm_custom_marker_1, 'click', function () {\r\n                                        var wgm_target = '_self';\r\n                                        if (wgm_marker.marker_link_new_tab === '1') {\r\n                                            wgm_target = '_blank';\r\n                                        }\r\n                                        window.open(wgm_marker.marker_link, wgm_target);\r\n                                    });\r\n                                }\r\n                            });\r\n                        }\r\n                    });\r\n                });\r\n\r\n            <\/script>\r\n\r\n            <div id=\"srm_gmp_embed_1\"\r\n                style=\"width:100% !important;height:300px  !important; \">\r\n            <\/div>\r\n                    <\/p>\n<p style=\"text-align: center;\" align=\"center\"><span style=\"font-size: 18.0pt; font-family: 'Helvetica','sans-serif'; color: #3366ff;\">Bienvenue au club&#8230;<\/span><\/p>\n<p align=\"center\">\u00a0<\/p>\n<h2 style=\"text-align: right;\" align=\"center\"><strong>COURSE D&rsquo;ORIENTATION<\/strong><\/h2>\n<p><a href=\"https:\/\/acb-athletisme.fr\/wp-content\/uploads\/2023\/05\/ob_24c724_co-03_2.jpg\"><img loading=\"lazy\" decoding=\"async\" class=\"wp-image-4025 alignright\" src=\"https:\/\/acb-athletisme.fr\/wp-content\/uploads\/2023\/05\/ob_24c724_co-03_2.jpg\" alt=\"\" width=\"183\" height=\"103\" srcset=\"https:\/\/acb-athletisme.fr\/wp-content\/uploads\/2023\/05\/ob_24c724_co-03_2.jpg 1280w, https:\/\/acb-athletisme.fr\/wp-content\/uploads\/2023\/05\/ob_24c724_co-03_2-300x169.jpg 300w, https:\/\/acb-athletisme.fr\/wp-content\/uploads\/2023\/05\/ob_24c724_co-03_2-1024x576.jpg 1024w, https:\/\/acb-athletisme.fr\/wp-content\/uploads\/2023\/05\/ob_24c724_co-03_2-150x84.jpg 150w, https:\/\/acb-athletisme.fr\/wp-content\/uploads\/2023\/05\/ob_24c724_co-03_2-1038x576.jpg 1038w\" sizes=\"auto, (max-width: 183px) 100vw, 183px\" \/><\/a><\/p>\n\n\n<p>Visitez le site de la section <strong><a rel=\"noreferrer noopener\" href=\"http:\/\/www.acbeauchamp-orientation.net\/\" target=\"_blank\">http:\/\/www.acbeauchamp-orientation.net\/<\/a><\/strong><\/p>\n","protected":false},"excerpt":{"rendered":"<p>L&rsquo; Athletic Club de Beauchamp est un club compos\u00e9 de 4 sections que sont : l&rsquo;Athl\u00e9tisme adultes, la Marche Nordique, la PPG (Pr\u00e9paration Physique G\u00e9n\u00e9rale) et la Course d&rsquo;Orientation. \u00a0 ATHLETISME ADULTES La section adultes accueille des coureurs de tous niveaux, du d\u00e9butant qui souhaite d\u00e9couvrir la course \u00e0 pied ou se maintenir en bonne &hellip; <a href=\"https:\/\/acb-athletisme.fr\/?page_id=42\" class=\"more-link\">Continuer la lecture de <span class=\"screen-reader-text\">Pr\u00e9sentation du Club<\/span>  <span class=\"meta-nav\">&rarr;<\/span><\/a><\/p>\n","protected":false},"author":1,"featured_media":0,"parent":113,"menu_order":0,"comment_status":"closed","ping_status":"closed","template":"","meta":{"footnotes":""},"class_list":["post-42","page","type-page","status-publish","hentry"],"_links":{"self":[{"href":"https:\/\/acb-athletisme.fr\/index.php?rest_route=\/wp\/v2\/pages\/42","targetHints":{"allow":["GET"]}}],"collection":[{"href":"https:\/\/acb-athletisme.fr\/index.php?rest_route=\/wp\/v2\/pages"}],"about":[{"href":"https:\/\/acb-athletisme.fr\/index.php?rest_route=\/wp\/v2\/types\/page"}],"author":[{"embeddable":true,"href":"https:\/\/acb-athletisme.fr\/index.php?rest_route=\/wp\/v2\/users\/1"}],"replies":[{"embeddable":true,"href":"https:\/\/acb-athletisme.fr\/index.php?rest_route=%2Fwp%2Fv2%2Fcomments&post=42"}],"version-history":[{"count":33,"href":"https:\/\/acb-athletisme.fr\/index.php?rest_route=\/wp\/v2\/pages\/42\/revisions"}],"predecessor-version":[{"id":4168,"href":"https:\/\/acb-athletisme.fr\/index.php?rest_route=\/wp\/v2\/pages\/42\/revisions\/4168"}],"up":[{"embeddable":true,"href":"https:\/\/acb-athletisme.fr\/index.php?rest_route=\/wp\/v2\/pages\/113"}],"wp:attachment":[{"href":"https:\/\/acb-athletisme.fr\/index.php?rest_route=%2Fwp%2Fv2%2Fmedia&parent=42"}],"curies":[{"name":"wp","href":"https:\/\/api.w.org\/{rel}","templated":true}]}}